{"id":2507,"date":"2025-12-10T13:48:56","date_gmt":"2025-12-10T13:48:56","guid":{"rendered":"https:\/\/mrmadeiras.com.br\/?page_id=2507"},"modified":"2026-01-16T18:47:45","modified_gmt":"2026-01-16T18:47:45","slug":"empresa","status":"publish","type":"page","link":"https:\/\/mrmadeiras.com.br\/index.php\/empresa\/","title":{"rendered":"Empresa"},"content":{"rendered":"\t\t<div data-elementor-type=\"wp-page\" data-elementor-id=\"2507\" class=\"elementor elementor-2507\">\n\t\t\t\t<div class=\"elementor-element elementor-element-21bc0590 e-flex e-con-boxed e-con e-parent\" data-id=\"21bc0590\" data-element_type=\"container\">\n\t\t\t\t\t<div class=\"e-con-inner\">\n\t\t\t\t<div class=\"elementor-element elementor-element-5bcc4639 elementor-widget elementor-widget-text-editor\" data-id=\"5bcc4639\" data-element_type=\"widget\" data-widget_type=\"text-editor.default\">\n\t\t\t\t\t\t\t\t\t<p><\/p>\n<p>A Mr Madeiras nasceu com o prop\u00f3sito de oferecer ao mercado madeireiro produtos de alta qualidade, com atendimento especializado e compromisso total com a satisfa\u00e7\u00e3o dos clientes. Desde o in\u00edcio de suas atividades, a empresa sempre teve como foco trabalhar com madeiras selecionadas, garantindo durabilidade, beleza e excelente acabamento para cada projeto.<\/p>\n<p><\/p>\n<p>Com o passar dos anos, a Mr Madeiras consolidou-se como refer\u00eancia no fornecimento de madeiras nobres e madeiras beneficiadas, como Ita\u00faba, Cumaru, Cambar\u00e1 e diversas outras esp\u00e9cies utilizadas em estruturas, decks, forros, pergolados e acabamentos em geral.<\/p>\n<p><\/p>\n<p>O crescimento da empresa est\u00e1 diretamente ligado \u00e0 confian\u00e7a conquistada junto a construtoras, arquitetos, engenheiros, marceneiros e clientes finais que buscam produtos de proced\u00eancia garantida e um atendimento transparente, \u00e1gil e eficiente.<\/p>\n<p><\/p>\n<p>Hoje, a Mr Madeiras segue expandindo sua atua\u00e7\u00e3o, investindo em tecnologia, log\u00edstica, diversidade de produtos e parcerias s\u00f3lidas com os melhores fornecedores do mercado. Mantemos nosso compromisso com a qualidade, a responsabilidade e a excel\u00eancia em cada entrega, sempre buscando evoluir para atender cada vez melhor.<\/p>\n<p><\/p>\t\t\t\t\t\t\t\t<\/div>\n\t\t\t\t\t<\/div>\n\t\t\t\t<\/div>\n\t\t<div class=\"elementor-element elementor-element-7c4364c e-flex e-con-boxed e-con e-parent\" data-id=\"7c4364c\" data-element_type=\"container\">\n\t\t\t\t\t<div class=\"e-con-inner\">\n\t\t\t\t<div class=\"elementor-element elementor-element-4efaae2 elementor-widget elementor-widget-text-editor\" data-id=\"4efaae2\" data-element_type=\"widget\" data-widget_type=\"text-editor.default\">\n\t\t\t\t\t\t\t\t\t<h4>\u00a0Forros\u00a0 \u00a0 \u00a0 \u00a0 \u00a0 \u00a0 \u00a0 \u00a0 \u00a0 \u00a0 \u00a0 \u00a0 \u00a0 \u00a0 \u00a0 \u00a0 \u00a0 \u00a0 \u00a0 \u00a0 \u00a0 \u00a0 \u00a0 \u00a0 \u00a0 Madeira beneficiadas\u00a0 \u00a0 \u00a0 \u00a0 \u00a0 \u00a0 \u00a0 \u00a0 \u00a0 \u00a0 \u00a0 \u00a0 Cedrinho mesclado\u00a0<\/h4>\t\t\t\t\t\t\t\t<\/div>\n\t\t\t\t\t<\/div>\n\t\t\t\t<\/div>\n\t\t<div class=\"elementor-element elementor-element-3df32c3 e-grid e-con-boxed e-con e-parent\" data-id=\"3df32c3\" data-element_type=\"container\">\n\t\t\t\t\t<div class=\"e-con-inner\">\n\t\t\t\t<div class=\"elementor-element elementor-element-79ef8a2 elementor-widget elementor-widget-video\" data-id=\"79ef8a2\" data-element_type=\"widget\" data-settings=\"{&quot;video_type&quot;:&quot;hosted&quot;,&quot;controls&quot;:&quot;yes&quot;}\" data-widget_type=\"video.default\">\n\t\t\t\t\t\t\t<div class=\"e-hosted-video elementor-wrapper elementor-open-inline\">\n\t\t\t\t\t<video class=\"elementor-video\" src=\"https:\/\/mrmadeiras.com.br\/wp-content\/uploads\/2025\/12\/video-forro01.mp4\" controls=\"\" preload=\"metadata\" controlsList=\"nodownload\"><\/video>\n\t\t\t\t<\/div>\n\t\t\t\t\t\t<\/div>\n\t\t\t\t<div class=\"elementor-element elementor-element-ce2587e elementor-widget elementor-widget-video\" data-id=\"ce2587e\" data-element_type=\"widget\" data-settings=\"{&quot;video_type&quot;:&quot;hosted&quot;,&quot;controls&quot;:&quot;yes&quot;}\" data-widget_type=\"video.default\">\n\t\t\t\t\t\t\t<div class=\"e-hosted-video elementor-wrapper elementor-open-inline\">\n\t\t\t\t\t<video class=\"elementor-video\" src=\"https:\/\/mrmadeiras.com.br\/wp-content\/uploads\/2025\/12\/Madeira-beneficiads-de-angelin.mp4\" controls=\"\" preload=\"metadata\" controlsList=\"nodownload\"><\/video>\n\t\t\t\t<\/div>\n\t\t\t\t\t\t<\/div>\n\t\t\t\t<div class=\"elementor-element elementor-element-0007e18 elementor-widget elementor-widget-video\" data-id=\"0007e18\" data-element_type=\"widget\" data-settings=\"{&quot;video_type&quot;:&quot;hosted&quot;,&quot;controls&quot;:&quot;yes&quot;}\" data-widget_type=\"video.default\">\n\t\t\t\t\t\t\t<div class=\"e-hosted-video elementor-wrapper elementor-open-inline\">\n\t\t\t\t\t<video class=\"elementor-video\" src=\"https:\/\/mrmadeiras.com.br\/wp-content\/uploads\/2025\/12\/video-02.mp4\" controls=\"\" preload=\"metadata\" controlsList=\"nodownload\"><\/video>\n\t\t\t\t<\/div>\n\t\t\t\t\t\t<\/div>\n\t\t\t\t\t<\/div>\n\t\t\t\t<\/div>\n\t\t\t\t<\/div>\n\t\t","protected":false},"excerpt":{"rendered":"<p>A Mr Madeiras nasceu com o prop\u00f3sito de oferecer ao mercado madeireiro produtos de alta qualidade, com atendimento especializado e compromisso total com a satisfa\u00e7\u00e3o dos clientes. Desde o in\u00edcio de suas atividades, a empresa sempre teve como foco trabalhar com madeiras selecionadas, garantindo durabilidade, beleza e excelente acabamento para cada projeto. Com o passar [&hellip;]<\/p>\n","protected":false},"author":1,"featured_media":0,"parent":0,"menu_order":0,"comment_status":"closed","ping_status":"closed","template":"","meta":{"_joinchat":[],"footnotes":""},"class_list":["post-2507","page","type-page","status-publish","hentry"],"_links":{"self":[{"href":"https:\/\/mrmadeiras.com.br\/index.php\/wp-json\/wp\/v2\/pages\/2507","targetHints":{"allow":["GET"]}}],"collection":[{"href":"https:\/\/mrmadeiras.com.br\/index.php\/wp-json\/wp\/v2\/pages"}],"about":[{"href":"https:\/\/mrmadeiras.com.br\/index.php\/wp-json\/wp\/v2\/types\/page"}],"author":[{"embeddable":true,"href":"https:\/\/mrmadeiras.com.br\/index.php\/wp-json\/wp\/v2\/users\/1"}],"replies":[{"embeddable":true,"href":"https:\/\/mrmadeiras.com.br\/index.php\/wp-json\/wp\/v2\/comments?post=2507"}],"version-history":[{"count":32,"href":"https:\/\/mrmadeiras.com.br\/index.php\/wp-json\/wp\/v2\/pages\/2507\/revisions"}],"predecessor-version":[{"id":2855,"href":"https:\/\/mrmadeiras.com.br\/index.php\/wp-json\/wp\/v2\/pages\/2507\/revisions\/2855"}],"wp:attachment":[{"href":"https:\/\/mrmadeiras.com.br\/index.php\/wp-json\/wp\/v2\/media?parent=2507"}],"curies":[{"name":"wp","href":"https:\/\/api.w.org\/{rel}","templated":true}]}}