{"id":2580,"date":"2025-12-12T16:45:56","date_gmt":"2025-12-12T16:45:56","guid":{"rendered":"https:\/\/mrmadeiras.com.br\/?page_id=2580"},"modified":"2025-12-18T15:09:35","modified_gmt":"2025-12-18T15:09:35","slug":"dudu","status":"publish","type":"page","link":"https:\/\/mrmadeiras.com.br\/index.php\/dudu\/","title":{"rendered":"Cambar\u00e1"},"content":{"rendered":"\t\t<div data-elementor-type=\"wp-page\" data-elementor-id=\"2580\" class=\"elementor elementor-2580\">\n\t\t\t\t<div class=\"elementor-element elementor-element-194a113b e-flex e-con-boxed e-con e-parent\" data-id=\"194a113b\" data-element_type=\"container\">\n\t\t\t\t\t<div class=\"e-con-inner\">\n\t\t\t\t<div class=\"elementor-element elementor-element-6c829884 elementor-widget elementor-widget-text-editor\" data-id=\"6c829884\" data-element_type=\"widget\" data-widget_type=\"text-editor.default\">\n\t\t\t\t\t\t\t\t\t<p data-start=\"83\" data-end=\"456\"><strong data-start=\"83\" data-end=\"154\">Madeira de Cambar\u00e1 \u2013 Qualidade, resist\u00eancia e \u00f3timo custo-benef\u00edcio<\/strong><br data-start=\"154\" data-end=\"157\" \/>A madeira de Cambar\u00e1 \u00e9 amplamente utilizada na constru\u00e7\u00e3o civil e em projetos residenciais e comerciais por sua resist\u00eancia, durabilidade e excelente acabamento. Com tonalidade natural que varia entre o bege e o castanho claro, oferece um visual elegante e vers\u00e1til para diversos tipos de aplica\u00e7\u00e3o.<\/p>\n<p data-start=\"458\" data-end=\"799\"><strong data-start=\"458\" data-end=\"487\">Durabilidade e aplica\u00e7\u00f5es<\/strong><br data-start=\"487\" data-end=\"490\" \/>O Cambar\u00e1 apresenta boa resist\u00eancia mec\u00e2nica e estabilidade, sendo indicado para telhados, caibros, ripas, vigas, portas, janelas, forros, decks e estruturas em geral. Quando corretamente tratada, sua durabilidade aumenta significativamente, tornando-se uma op\u00e7\u00e3o confi\u00e1vel para ambientes internos e externos.<\/p>\n<p data-start=\"801\" data-end=\"1051\"><strong data-start=\"801\" data-end=\"831\">Versatilidade e acabamento<\/strong><br data-start=\"831\" data-end=\"834\" \/>F\u00e1cil de trabalhar, a madeira de Cambar\u00e1 aceita bem cortes, lixamentos e tratamentos, garantindo \u00f3timo acabamento. Sua apar\u00eancia harmoniza com projetos r\u00fasticos e modernos, valorizando o ambiente com um toque natural.<\/p>\t\t\t\t\t\t\t\t<\/div>\n\t\t\t\t\t<\/div>\n\t\t\t\t<\/div>\n\t\t<div class=\"elementor-element elementor-element-1c84dbd e-flex e-con-boxed e-con e-parent\" data-id=\"1c84dbd\" data-element_type=\"container\">\n\t\t\t\t\t<div class=\"e-con-inner\">\n\t\t\t\t<div class=\"elementor-element elementor-element-8450404 elementor-widget elementor-widget-image-gallery\" data-id=\"8450404\" data-element_type=\"widget\" data-widget_type=\"image-gallery.default\">\n\t\t\t\t\t\t\t<div class=\"elementor-image-gallery\">\n\t\t\t<div id='gallery-1' class='gallery galleryid-2580 gallery-columns-3 gallery-size-gardnma_300x476'><figure class='gallery-item'>\n\t\t\t<div class='gallery-icon landscape'>\n\t\t\t\t<a data-elementor-open-lightbox=\"yes\" data-elementor-lightbox-slideshow=\"8450404\" data-elementor-lightbox-title=\"03\" data-e-action-hash=\"#elementor-action%3Aaction%3Dlightbox%26settings%3DeyJpZCI6MjYxOSwidXJsIjoiaHR0cHM6XC9cL21ybWFkZWlyYXMuY29tLmJyXC93cC1jb250ZW50XC91cGxvYWRzXC8yMDI1XC8xMlwvMDMtMS5qcGciLCJzbGlkZXNob3ciOiI4NDUwNDA0In0%3D\" href='https:\/\/mrmadeiras.com.br\/wp-content\/uploads\/2025\/12\/03-1.jpg'><img fetchpriority=\"high\" decoding=\"async\" width=\"300\" height=\"418\" src=\"https:\/\/mrmadeiras.com.br\/wp-content\/uploads\/2025\/12\/03-1-300x418.jpg\" class=\"attachment-gardnma_300x476 size-gardnma_300x476\" alt=\"\" aria-describedby=\"gallery-1-2619\" \/><\/a>\n\t\t\t<\/div>\n\t\t\t\t<figcaption class='wp-caption-text gallery-caption' id='gallery-1-2619'>\n\t\t\t\tCambar\u00e1 Bruto\n\t\t\t\t<\/figcaption><\/figure><figure class='gallery-item'>\n\t\t\t<div class='gallery-icon landscape'>\n\t\t\t\t<a data-elementor-open-lightbox=\"yes\" data-elementor-lightbox-slideshow=\"8450404\" data-elementor-lightbox-title=\"01\" data-e-action-hash=\"#elementor-action%3Aaction%3Dlightbox%26settings%3DeyJpZCI6MjYxNSwidXJsIjoiaHR0cHM6XC9cL21ybWFkZWlyYXMuY29tLmJyXC93cC1jb250ZW50XC91cGxvYWRzXC8yMDI1XC8xMlwvMDEtMS5qcGciLCJzbGlkZXNob3ciOiI4NDUwNDA0In0%3D\" href='https:\/\/mrmadeiras.com.br\/wp-content\/uploads\/2025\/12\/01-1.jpg'><img decoding=\"async\" width=\"300\" height=\"400\" src=\"https:\/\/mrmadeiras.com.br\/wp-content\/uploads\/2025\/12\/01-1-300x400.jpg\" class=\"attachment-gardnma_300x476 size-gardnma_300x476\" alt=\"\" aria-describedby=\"gallery-1-2615\" \/><\/a>\n\t\t\t<\/div>\n\t\t\t\t<figcaption class='wp-caption-text gallery-caption' id='gallery-1-2615'>\n\t\t\t\tCambar\u00e1 Bruto\n\t\t\t\t<\/figcaption><\/figure><figure class='gallery-item'>\n\t\t\t<div class='gallery-icon landscape'>\n\t\t\t\t<a data-elementor-open-lightbox=\"yes\" data-elementor-lightbox-slideshow=\"8450404\" data-elementor-lightbox-title=\"02\" data-e-action-hash=\"#elementor-action%3Aaction%3Dlightbox%26settings%3DeyJpZCI6MjYxNywidXJsIjoiaHR0cHM6XC9cL21ybWFkZWlyYXMuY29tLmJyXC93cC1jb250ZW50XC91cGxvYWRzXC8yMDI1XC8xMlwvMDItMS5qcGciLCJzbGlkZXNob3ciOiI4NDUwNDA0In0%3D\" href='https:\/\/mrmadeiras.com.br\/wp-content\/uploads\/2025\/12\/02-1.jpg'><img decoding=\"async\" width=\"300\" height=\"400\" src=\"https:\/\/mrmadeiras.com.br\/wp-content\/uploads\/2025\/12\/02-1-300x400.jpg\" class=\"attachment-gardnma_300x476 size-gardnma_300x476\" alt=\"\" aria-describedby=\"gallery-1-2617\" \/><\/a>\n\t\t\t<\/div>\n\t\t\t\t<figcaption class='wp-caption-text gallery-caption' id='gallery-1-2617'>\n\t\t\t\tCambar\u00e1 Bruto\n\t\t\t\t<\/figcaption><\/figure>\n\t\t<\/div>\n\t\t<\/div>\n\t\t\t\t\t\t<\/div>\n\t\t\t\t\t<\/div>\n\t\t\t\t<\/div>\n\t\t<div class=\"elementor-element elementor-element-462a261 e-flex e-con-boxed e-con e-parent\" data-id=\"462a261\" data-element_type=\"container\">\n\t\t\t\t\t<div class=\"e-con-inner\">\n\t\t\t\t<div class=\"elementor-element elementor-element-0979ec6 elementor-widget elementor-widget-text-editor\" data-id=\"0979ec6\" data-element_type=\"widget\" data-widget_type=\"text-editor.default\">\n\t\t\t\t\t\t\t\t\t<h4>Forros&nbsp; &nbsp; &nbsp; &nbsp; &nbsp; &nbsp; &nbsp; &nbsp; &nbsp; &nbsp; &nbsp; &nbsp; &nbsp; &nbsp; &nbsp; &nbsp; &nbsp; &nbsp; &nbsp; &nbsp; &nbsp; &nbsp; &nbsp; &nbsp; &nbsp; &nbsp;Madeira beneficiadas&nbsp; &nbsp; &nbsp; &nbsp; &nbsp; &nbsp; &nbsp; &nbsp; &nbsp; &nbsp; &nbsp; &nbsp; Cedrinho mesclado&nbsp;<\/h4>\t\t\t\t\t\t\t\t<\/div>\n\t\t\t\t\t<\/div>\n\t\t\t\t<\/div>\n\t\t<div class=\"elementor-element elementor-element-8e4cb8f e-grid e-con-boxed e-con e-parent\" data-id=\"8e4cb8f\" data-element_type=\"container\">\n\t\t\t\t\t<div class=\"e-con-inner\">\n\t\t\t\t<div class=\"elementor-element elementor-element-e86a49e elementor-widget elementor-widget-video\" data-id=\"e86a49e\" data-element_type=\"widget\" data-settings=\"{&quot;video_type&quot;:&quot;hosted&quot;,&quot;controls&quot;:&quot;yes&quot;}\" data-widget_type=\"video.default\">\n\t\t\t\t\t\t\t<div class=\"e-hosted-video elementor-wrapper elementor-open-inline\">\n\t\t\t\t\t<video class=\"elementor-video\" src=\"https:\/\/mrmadeiras.com.br\/wp-content\/uploads\/2025\/12\/video-forro01.mp4\" controls=\"\" preload=\"metadata\" controlsList=\"nodownload\"><\/video>\n\t\t\t\t<\/div>\n\t\t\t\t\t\t<\/div>\n\t\t\t\t<div class=\"elementor-element elementor-element-23b9f68 elementor-widget elementor-widget-video\" data-id=\"23b9f68\" data-element_type=\"widget\" data-settings=\"{&quot;video_type&quot;:&quot;hosted&quot;,&quot;controls&quot;:&quot;yes&quot;}\" data-widget_type=\"video.default\">\n\t\t\t\t\t\t\t<div class=\"e-hosted-video elementor-wrapper elementor-open-inline\">\n\t\t\t\t\t<video class=\"elementor-video\" src=\"https:\/\/mrmadeiras.com.br\/wp-content\/uploads\/2025\/12\/Madeira-beneficiads-de-angelin.mp4\" controls=\"\" preload=\"metadata\" controlsList=\"nodownload\"><\/video>\n\t\t\t\t<\/div>\n\t\t\t\t\t\t<\/div>\n\t\t\t\t<div class=\"elementor-element elementor-element-7e72176 elementor-widget elementor-widget-video\" data-id=\"7e72176\" data-element_type=\"widget\" data-settings=\"{&quot;video_type&quot;:&quot;hosted&quot;,&quot;controls&quot;:&quot;yes&quot;}\" data-widget_type=\"video.default\">\n\t\t\t\t\t\t\t<div class=\"e-hosted-video elementor-wrapper elementor-open-inline\">\n\t\t\t\t\t<video class=\"elementor-video\" src=\"https:\/\/mrmadeiras.com.br\/wp-content\/uploads\/2025\/12\/video-02.mp4\" controls=\"\" preload=\"metadata\" controlsList=\"nodownload\"><\/video>\n\t\t\t\t<\/div>\n\t\t\t\t\t\t<\/div>\n\t\t\t\t\t<\/div>\n\t\t\t\t<\/div>\n\t\t\t\t<\/div>\n\t\t","protected":false},"excerpt":{"rendered":"<p>Madeira de Cambar\u00e1 \u2013 Qualidade, resist\u00eancia e \u00f3timo custo-benef\u00edcioA madeira de Cambar\u00e1 \u00e9 amplamente utilizada na constru\u00e7\u00e3o civil e em projetos residenciais e comerciais por sua resist\u00eancia, durabilidade e excelente acabamento. Com tonalidade natural que varia entre o bege e o castanho claro, oferece um visual elegante e vers\u00e1til para diversos tipos de aplica\u00e7\u00e3o. Durabilidade [&hellip;]<\/p>\n","protected":false},"author":1,"featured_media":0,"parent":0,"menu_order":0,"comment_status":"closed","ping_status":"closed","template":"","meta":{"_joinchat":[],"footnotes":""},"class_list":["post-2580","page","type-page","status-publish","hentry"],"_links":{"self":[{"href":"https:\/\/mrmadeiras.com.br\/index.php\/wp-json\/wp\/v2\/pages\/2580","targetHints":{"allow":["GET"]}}],"collection":[{"href":"https:\/\/mrmadeiras.com.br\/index.php\/wp-json\/wp\/v2\/pages"}],"about":[{"href":"https:\/\/mrmadeiras.com.br\/index.php\/wp-json\/wp\/v2\/types\/page"}],"author":[{"embeddable":true,"href":"https:\/\/mrmadeiras.com.br\/index.php\/wp-json\/wp\/v2\/users\/1"}],"replies":[{"embeddable":true,"href":"https:\/\/mrmadeiras.com.br\/index.php\/wp-json\/wp\/v2\/comments?post=2580"}],"version-history":[{"count":17,"href":"https:\/\/mrmadeiras.com.br\/index.php\/wp-json\/wp\/v2\/pages\/2580\/revisions"}],"predecessor-version":[{"id":2828,"href":"https:\/\/mrmadeiras.com.br\/index.php\/wp-json\/wp\/v2\/pages\/2580\/revisions\/2828"}],"wp:attachment":[{"href":"https:\/\/mrmadeiras.com.br\/index.php\/wp-json\/wp\/v2\/media?parent=2580"}],"curies":[{"name":"wp","href":"https:\/\/api.w.org\/{rel}","templated":true}]}}